actors of (-7)/(32/n + (-3 - -4)).
3, 5, 7
Let p be 2 - (-2 + (-6 - -1)). Let s be (-2)/p + (-48)/27. List the prime factors of 2 + s + 7 + 0.
7
Suppose -3*f = -3*t - 3, -3*f - 1 = -2*t - 0*f. List the prime factors of 4350/42 + t/7.
103
Let o = 159 + -27. List the prime factors of o.
2, 3, 11
Let x(i) = 2031*i**2 - 36*i + 36. What are the prime factors of x(1)?
3, 677
Let p be 5 - (1/(-4) + (-12)/(-48)). Suppose -p*v + 191 = -59. List the prime factors of v.
2, 5
Suppose 8 = 4*l + 4. Suppose 0 = h - 4 + l. Suppose h*a = 6*a - 69. What are the prime factors of a?
23
Suppose o + f = -150, 4*o + 2*f + 676 = 74. Let s = -84 - o. List the prime factors of s.
67
Let g be 1 - 3*(-2)/2. Suppose g*d - 1 = 7, -22 = -4*l + 3*d. Let k = -2 + l. What are the prime factors of k?
5
Let d(y) be the second derivative of y**5/2 - y**4/3 + 5*y**3/6 - 3*y**2 - 19*y. What are the prime factors of d(2)?
2, 17
Let x be 2/((-3)/(-3))*3. Let q(r) = 0*r + 2*r**2 - r - 8 - r - 4*r. List the prime factors of q(x).
2, 7
Suppose -x = 4*s - 4416, 4858 + 8450 = 3*x - 3*s. List the prime factors of x.
2, 277
Let i = 139 + 356. Suppose -2*n + 495 = 3*q, 3*q - 3*n - i = 2*n. List the prime factors of q.
3, 5, 11
Suppose 0 = -5*y - 4*z + 2308, 11*z - 15*z - 2292 = -5*y. List the prime factors of y.
2, 5, 23
Let h = 79 + -28. Suppose -47*k = -h*k + 364. What are the prime factors of k?
7, 13
Suppose -105*k + 3515 = -100*k. List the prime factors of k.
19, 37
Let k(p) = -p + 10. Let t be k(6). Suppose 0*x + t*x - 8 = 0. Suppose x*s = 6*s - 16. What are the prime factors of s?
2
Suppose l = 11*l + 10. List the prime factors of (-2)/((-1)/(53 + l)).
2, 13
Suppose 25*t - 118170 = -9445. What are the prime factors of t?
4349
Suppose 0*t = -2*t - 412. Let c = -134 - t. What are the prime factors of (44/12 + -3)*c?
2, 3
Let q be (-6 - 33/(-6))*-56. Let p = -257 + 373. Suppose -u + p = -z + 6*z, 5*u = -z + q. List the prime factors of z.
23
Let n = -22 - -24. Suppose 3*l - x - 133 = 0, n*l + x - 91 = 4*x. Suppose 2*t = -0*t + l. List the prime factors of t.
2, 11
Suppose -2*u = 2*a - 72, 0 = -0*a + 3*a - 2*u - 123. Let q = a - 26. Suppose t - 8 = q. What are the prime factors of t?
3, 7
Suppose -19 = -8*t + 21. List the prime factors of (-1218)/(-4)*t*16/120.
7, 29
Suppose -2*j + 4 = -4*j. Let m be (j/6)/(2/12). Let y(k) = -3*k**3 - 3*k**2 - 4*k - 2. What are the prime factors of y(m)?
2, 3
Suppose -2*o + 3*i + 3 = o, -5*i = 3*o + 37. Let h = o + 16. List the prime factors of 37 - 8/h*6.
3, 11
Let k(b) = -b + 0*b + 4*b - 2 + 5*b. Let d(g) = g - 1. Let w(l) = -3*d(l) + k(l). What are the prime factors of w(2)?
11
Let w(j) be the first derivative of -j**4/4 + 7*j**3/3 - 5*j**2/2 + 9*j + 35. Let u = -2 + 8. What are the prime factors of w(u)?
3, 5
Let v(q) = 10*q + 111. List the prime factors of v(17).
281
Let o = 180 - -102. What are the prime factors of o?
2, 3, 47
List the prime factors of ((-9)/((-45)/410))/1.
2, 41
What are the prime factors of (721/5)/(43/215)?
7, 103
Let x = -751 + 1831. List the prime factors of x.
2, 3, 5
Let o be (-26)/(-20)*2 - (-9)/(-15). Suppose 5*z - 1350 = 2*g - 511, -328 = -o*z - 3*g. What are the prime factors of z?
167
Suppose 26 = 2*h - 0*h - 4*v, 4*v = -16. Suppose p - 3 = -h*x - 3*p, -4*x - 3*p = -2. List the prime factors of -3 - -13*(2 + x).
2, 5
Let b = 641 - 163. What are the prime factors of b?
2, 239
Let s(l) = -11*l + 214 - 2*l**2 - 186 + 6*l**2. What are the prime factors of s(5)?
73
Let c(x) = -x**2 + 5*x + 1606. List the prime factors of c(0).
2, 11, 73
Let c be -3 + 1 + (-2 - -2)*1. List the prime factors of (c + 1)*(-1 - 113).
2, 3, 19
Let r(w) = -5*w + 55. List the prime factors of r(-13).
2, 3, 5
Suppose 823 = 4*u - 2*k - 149, -4*k = -5*u + 1212. What are the prime factors of u*9/12*1 + 3?
2, 3, 31
What are the prime factors of 10/(50/(-45)) - -2 - -2782?
3, 5, 37
Suppose -2 + 14 = -2*z. Let g(l) = -l - 1 - 13 - 3*l. What are the prime factors of g(z)?
2, 5
Let n = 89 - 87. Suppose 546 = 3*v + 3*a, 5*v - n*a = -a + 934. What are the prime factors of v?
2, 3, 31
Let p(c) = -3*c**2 + 6*c**2 + 3 - 2*c**2 + c**2 - 5*c. Let k be p(4). Suppose -b + 0 + k = 0. List the prime factors of b.
3, 5
Let q = -718 + 2126. List the prime factors of q.
2, 11
Suppose -9 = 2*t + 11. Let v be 1 - 2*2*(-28)/(-16). Let b = v - t. List the prime factors of b.
2
Let h(d) = -d**3 - 4*d**2 - 12*d - 24. List the prime factors of h(-9).
3, 163
Let t = -4781 + 7092. List the prime factors of t.
2311
Let a(f) = -7*f**2 - 4*f**3 - f + 5*f**2 - 3*f + f - 2. Let m be a(-1). Suppose -3*d + m*c = -0*c - 39, -3*c = -2*d + 21. What are the prime factors of d?
2, 3
Let s(f) = f**3 - 6*f**2 + 5*f + 4. Let b be s(5). Suppose -5*l - v + 24 = 0, 0*v + 12 = b*l - v. Suppose -56 = -l*r + 2*r. What are the prime factors of r?
2, 7
Let y = -7 + 11. Suppose s - m - 8 = 0, y*m = -5*s + s + 16. Suppose 2*g - 31 = v, -s*v + 3*v = 4*g - 87. What are the prime factors of g?
2, 3
Let c = -712 + 2241. List the prime factors of c.
11, 139
Let l(n) = -n**2 + 8*n - 2. Suppose 0 = -v + 5*h + 14, 0*h + 23 = 3*v + 4*h. Let j(b) = -b**3 + 8*b**2 + 9*b + 7. Let m be j(v). List the prime factors of l(m).
5
Let v = -72 + 156. Suppose -w - 5*m = w - v, 2*w = -m + 68. List the prime factors of w.
2
Let h = 4999 - 2833. List the prime factors of h.
2, 3, 19
Let o(m) = -m**3 - 22*m**2 + 11*m + 106. What are the prime factors of o(-25)?
2, 853
Suppose -4*c = -8*c + 20, -z = 5*c - 478. List the prime factors of z.
3, 151
Suppose 44*z - 60 = 40*z. What are the prime factors of z?
3, 5
Let r(m) = -22*m + 201. What are the prime factors of r(-14)?
509
List the prime factors of 1/2*(-1 - 18735/(-5)).
1873
Let x be ((-16)/6)/(3/18). What are the prime factors of 4/x - ((-135)/12 - 1)?
2, 3
Let d = 2 - -77. Suppose -3*j = -d - 119. What are the prime factors of j?
2, 3, 11
List the prime factors of (6 + 52/(-12))*75.
5
Suppose 22 = -x - 4*p, -3*x - p - 13 = x. Suppose -2*r + 62 = -3*w - 3*r, 3*w - 4*r = -37. List the prime factors of -21 - w - 16/x.
2, 3
Suppose 8*n - 6*n = 38. Suppose -4*q + 471 = n. List the prime factors of q.
113
Suppose -3*a = -3*u - 1986, 2*a + a - 2*u - 1985 = 0. List the prime factors of a.
661
Suppose -16 - 10 = -2*x + 5*f, -4*f = 0. Suppose 0 = -x*k + 9*k + 176. What are the prime factors of k?
2, 11
Suppose -3*i + 2 = -7. What are the prime factors of i/(-2) + (-247)/(-2)?
2, 61
Let k(m) be the first derivative of -m**4/4 + m**3/3 - m**2/2 - m + 12. Let z be k(2). Let b(l) = -3*l - 7. What are the prime factors of b(z)?
2, 7
Let r(y) = -279*y + 269. List the prime factors of r(-15).
2, 17, 131
Suppose 2*p = 9*p - 8435. List the prime factors of p.
5, 241
Let c = -502 - -801. List the prime factors of c.
13, 23
Let o = 48 + -43. Suppose o*h = -r - 4*r + 490, 3*r = 3*h + 294. List the prime factors of r.
2, 7
Let g(z) = 4*z. Let n be g(1). Suppose n = f - 20. What are the prime factors of f?
2, 3
Let h be -1*(-2)/(-4)*0. Suppose 3*r + 3 = -6, -3*b - r + 6 = h. List the prime factors of 2/b*75/2.
5
Let r = 1923 - 1901. Let i = -50 - -145. Let n = i - r. List the prime factors of n.
73
Let p(g) be the first derivative of 1/3*g**3 + 3 - 5*g + 1/2*g**2. What are the prime factors of p(5)?
5
Let j = 314 + -182. Suppose j = 4*q - n, 4*q - 2*n - 63 = 65. What are the prime factors of q?
2, 17
Suppose 0 = 5*s - 3*u - 19, -s = -4*u + 2*u - 8. Suppose 0*o - 64 = -s*o. Suppose -q - o = -5*q. What are the prime factors of q?
2
Let c(a) = 2*a + 24. Let d = -14 + 3. Let v be c(d). Suppose -v*j = -16 - 106. What are the prime factors of j?
61
Let f be (0 - 3/(-6)) + 2/(-4). Suppose d + 46 - 263 = f. List the prime factors of d.
7, 31
Suppose 6*u = 171 + 189. Suppose -133 = -3*b + g + u, 0 = 3*g + 3. List the prime factors of b.
2
Let l = -3 - -9. Let p(n) = 5*n + 27. Let c be p(-5). Suppose -3*k - s + 12 = 0, -3*k + c*s + 6 + l = 0. What are the prime factors of k?
2
Suppose 0 = -m + 164 + 505. List the prime factors of m.
3, 223
Let n(h) = 2*h**2 + 15*h - 31. What are the prime factors of n(13)?
2, 251
Let f be ((-3)/2)/(5/10). List the prime factors of -2*(-61 - (f - -6)).
2
Let i(a) = a**2 + a - 3. Let b be i(-4). Suppose 3 = 3*l + b. What are the prime factors of 3/12*-46*l?
23
Let o(x) = 4*x.